 by u?
8
Let z = -21880 - -21938. Suppose -3*h = -q + 108, 0*h = -q + 5*h + 104. What is the remainder when q is divided by z?
56
Let j(s) = 2*s + 49 + 3*s - 10*s - 10 + 37. Calculate the remainder when 128 is divided by j(13).
7
Let r = 71 + -39. Suppose -7*t + 2*t + 4*l + 50 = 0, 0 = 3*t + l - 64. Calculate the remainder when r is divided by t.
14
Suppose -18*g + 2427 = 861. Calculate the remainder when g/(3/(54/6 + -5)) is divided by 56.
4
Suppose 6544 = 3*l - 2*y, -5*l + 275*y + 10908 = 272*y. Calculate the remainder when l is divided by 47.
22
What is the remainder when 203 is divided by ((-432)/21)/((-13)/(-728)*-12)?
11
Calculate the remainder when 24*-1*(-53467)/1016 is divided by 79.
78
What is the remainder when 1103 is divided by 120/(-960) - 1281/(-8)?
143
Let r(f) = -289*f + 7573. What is the remainder when r(21) is divided by 133?
41
Let n(s) = s + 6. Let y be n(0). Suppose -5*g + 191 - 36 = 0. Calculate the remainder when g is divided by (-36)/(-2) + y/(-6).
14
Suppose 0 = 144*x - 7*x - 66*x - 3195. Let r = 83 - -95. Calculate the remainder when r is divided by x.
43
Let w be (204/15)/(6/(-30)). Let b = w + 37. Let y = b - -41. Calculate the remainder when 39 is divided by y.
9
Suppose 4*w - 4280 = -b, 2*b + w - 8532 = -0*b. What is the remainder when b is divided by 27?
25
Let i = -102 - -109. Suppose -3*j - 3*t + 21 = 0, 0 = 4*t - i*t. Let s = 5 - 0. What is the remainder when j is divided by s?
2
Let h = 5467 - 5428. Suppose 0 = -2*o + 84 + 298. Calculate the remainder when o is divided by h.
35
Let s = 22351 - 21133. What is the remainder when s is divided by 138?
114
Let z(g) = -9*g**3 + 14*g + 14. Let v be z(-1). What is the remainder when (v + 1 - 36)/(-2) is divided by -4 + 2 + 0 + 7?
3
Suppose -4*b + 11*f = 8*f - 54, -2*b + f + 26 = 0. Suppose 0*t = b*t - 540. Suppose 3*g + 33 = 81. Calculate the remainder when t is divided by g.
13
Let r = -16791 - -16822. Calculate the remainder when 2181 is divided by r.
11
Suppose -5*m = -3*t + 1267, 9*m = 4*t + 8*m - 1712. What is the remainder when t is divided by 8?
5
Let d(x) = -x + 2. Suppose 0 = 2*g - 18 + 4. Suppose g*y - 32 = 5*y. Calculate the remainder when y is divided by d(-7).
7
Suppose -v - 4 + 7 = 0, -2*i + 5*v = -411. Let m = i - 163. Calculate the remainder when 83 is divided by m.
33
Suppose 3*a - y = -106 - 27, 0 = 4*a - y + 179. Let j be (9 - 5)*(a/(-4) - 2). Let f = j + -29. What is the remainder when 25 is divided by f?
7
Suppose -7*l - 5*f + 35 = -5*l, -5*l = -3*f - 10. Let s(k) = k**3 - 3*k**2 - 6*k + 7. Calculate the remainder when s(l) is divided by 14.
13
Suppose -4 = -n, 0*q + 32 = q + 3*n. Let f(o) = o**3 - 9*o**2 - o + 4. Let y be f(9). Let i = y + q. Calculate the remainder when 72 is divided by i.
12
Suppose 4*m = -120*d + 125*d - 664, 0 = 5*d + m - 634. What is the remainder when d is divided by 27?
20
Suppose -157*j + 175767 = -34*j. Calculate the remainder when j is divided by 179.
176
Let x be -1 + (-12)/3*-1. Suppose -x*t - 55 = -4*m - 291, 2*t + 5*m = 119. Calculate the remainder when t is divided by (156 + -157)/((-2)/38).
15
Let v(c) = 2*c**2 + 17*c + 19. Let d be v(-12). Let q = d + -95. Suppose 4*s = 2*u + 38, -3*s + 7*u + 26 = q*u. Calculate the remainder when s is divided by 5.
4
Let u = 2 + 30. Suppose 2*j + 3*t - 16 = -t, 2*t = 3*j - u. Suppose 0 = j*a + 58 - 238. Calculate the remainder when 70 is divided by a.
16
Suppose 34*o - 12*o + 308 = 0. Calculate the remainder when 43 is divided by (-134)/(-8) + -2 - o/56.
13
What is the remainder when -2*24/(-16)*(20585/15 - -5) is divided by 1374?
10
Suppose -22*y = 60*y + 14*y - 125664. What is the remainder when y is divided by 94?
87
Let j = -320 + 346. Let u = -16 - -19. Suppose 0 = 2*f + 3*b - 99, u*b + 237 = -0*f + 5*f. What is the remainder when f is divided by j?
22
Let t be (2 - 4)*3 + 6. What is the remainder when 249 is divided by (1 - 0)*(t + -5) - -125?
9
Suppose 0 = -4*a + 38 - 2. What is the remainder when ((-176)/(-12) + 0)*a is divided by (-30)/(-4)*(-27 + 33)?
42
Let o be (-5031)/36 + -1*(-3)/(-12). Calculate the remainder when (-2)/3 - o/(-42) - -147 is divided by (-12)/(-3) - 8*-1.
11
Let y = -7 - -10. Suppose -4*g + 135 = y*u + 16, 148 = 5*g + 3*u. Let r = -4344 - -4428. Calculate the remainder when r is divided by g.
26
Suppose 0 = -67*s - 45422 + 45824. Let i(z) = -z**2 + 9*z + 9. What is the remainder when i(7) is divided by s?
5
Let q = 636 + -311. Suppose k + q = 26*k. Let a(j) = 10*j + 4. What is the remainder when a(6) is divided by k?
12
Suppose 3*m + 40 = -3*u - 5, -u = 5*m + 83. Let c(s) = s + 2. What is the remainder when (-16 - m)*3*1 is divided by c(0)?
1
Let x(d) = 4*d**2 + 279*d - 298. Calculate the remainder when x(-72) is divided by 187.
163
Calculate the remainder when 16/376 + 7464/376*7 is divided by (-4)/(-6)*(-54)/(-1).
31
Let x = 3467 + -3453. Calculate the remainder when 14571 is divided by x.
11
Suppose -8 = -x + 5. Calculate the remainder when ((-106)/(-9))/((-2370)/54 + 44) is divided by x.
2
Suppose -5*g - q + 0*q = -87, -g + 9 = 3*q. Let b(i) = -i**3 - 13*i**2 - 21*i + 16. Calculate the remainder when g is divided by b(-11).
3
Let h = 103 - -32. Let w(k) = 1384*k - 26250. What is the remainder when h is divided by w(19)?
43
Let s(k) = k**2 + 14*k. Suppose 3*n - 3*i = i - 31, -5*n - 2*i = 17. Let r be (43 + n)/(4/(1 - 3)). What is the remainder when s(r) is divided by 48?
47
Let t = 169 - 112. Suppose -6*w = 77*w - 6640. What is the remainder when w is divided by t?
23
Suppose -7*g = -6*g - 3*w - 14, -26 = -3*g + 5*w. Calculate the remainder when ((-4)/g)/((-1136)/188 - -6) is divided by 38.
9
Suppose 3*f - f = 646. Let j = -112503 - -112585. Calculate the remainder when f is divided by j.
77
Suppose -5*o + 22*p + 21 = 19*p, -13 = -3*o + 2*p. Calculate the remainder when 2402 is divided by o.
2
Suppose 24 = -3*a - 3*n, -4*n + 8 = -3*a + 12. Let m be (48/64)/((-2)/(80*a)). Suppose -2*p - m = -8*p. Calculate the remainder when 78 is divided by p.
18
Let r = -7321 - -12612. What is the remainder when r is divided by 9?
8
Let g(h) be the third derivative of -h**5/60 - 2*h**4/3 - 23*h**3/6 - 2*h**2 - 27. What is the remainder when 46 is divided by g(-11)?
14
Let f(q) = -q**3 + 10*q**2 - 262*q + 2675. What is the remainder when f(10) is divided by (-2)/(-3)*(-522)/(-12)?
26
Suppose 0 = 6*y - 161 - 259. Let s be (-58)/(-2)*(15 + -22). Let b = 218 + s. What is the remainder when y is divided by b?
10
Suppose 182*y - 1131 = 5421. What is the remainder when 989 is divided by y?
17
Let j = 72 - 81. Calculate the remainder when 172 is divided by (-1 + (-6)/j)/((-6)/126).
4
Let b(u) = u**3 - u**2 + 1056. Let n be b(0). Let v(x) = -203*x + 1651. Calculate the remainder when 2/(-7) + n/21 is divided by v(8).
23
Let z(v) = -v**3 + 10*v**2 - 12*v + 43. Let y = -60 - -69. Let k(f) = 10*f**2 + 1. What is the remainder when k(-2) is divided by z(y)?
9
Let j = 12 - 20. Let p(o) = -o**2 - 4*o + 53. Calculate the remainder when p(j) is divided by 12.
9
Let z(b) = 2*b - 28. Let a be z(0). Let j = 52 + a. Suppose -j*g = -20*g - 100. What is the remainder when 74 is divided by g?
24
Suppose -10*g + 5*g + 2847 = -4*f, 4*g = -5*f + 2253. Let m = 138 - 81. What is the remainder when g is divided by m?
54
Let i(w) = -170*w + 4681. Calculate the remainder when i(22) is divided by 88.
61
Calculate the remainder when 397 is divided by (307/(-2763))/(2/(-2286)).
16
Let k be 1*-3*(-5)/(-15) + 7. Let x(p) = -p**2 + 10*p - 14. Let w be x(k). Let j(n) = -n**2 + 14*n - 14. What is the remainder when j(w) is divided by 14?
12
Calculate the remainder when (5/(-2) + 105/6)*58/2 is divided by 222.
213
Let q(n) = 26*n - 3. Suppose 0 = -3*v - 5*j + 44, 3*v - 4*j = -36 + 71. What is the remainder when q(5) is divided by v?
10
Suppose -475*y + 5250 = -125*y. Let l(h) = h**3 + 3*h**2 - 5*h + 2. What is the remainder when l(5) is divided by y?
12
Suppose q + 2*y + y + 15 = 0, 30 = -2*q - 2*y. Let s(r) = -r**3 - 13*r**2 + 30*r + 30. What is the remainder when s(q) is divided by 17?
13
Let r = 8 + -2. Let f(c) = 6*c - 36. Let k be f(5). What is the remainder when r is divided by (-1 - 3/k)*(-50)/5?
1
Let y(d) = d**2 - 38*d + 508. Calculate the remainder when 185 is divided by y(14).
13
Let 